 the hundred millions digit of 537319021?
5
What is the tens digit of 124126995?
9
What is the tens digit of 388399889?
8
What is the tens digit of 218915770?
7
What is the thousands digit of 61844214?
4
What is the thousands digit of 2580224756?
4
What is the hundred thousands digit of 1227211732?
2
What is the thousands digit of 11890618?
0
What is the thousands digit of 1456934116?
4
What is the hundred thousands digit of 15786156?
7
What is the hundreds digit of 93458634?
6
What is the hundreds digit of 1260979375?
3
What is the millions digit of 112969209?
2
What is the tens digit of 116776850?
5
What is the ten millions digit of 381469937?
8
What is the hundreds digit of 44889190?
1
What is the ten millions digit of 144014051?
4
What is the hundred millions digit of 714349608?
7
What is the hundreds digit of 69325764?
7
What is the ten millions digit of 1708614841?
0
What is the tens digit of 45102231?
3
What is the ten thousands digit of 377296398?
9
What is the units digit of 813928746?
6
What is the ten thousands digit of 58266723?
6
What is the hundred thousands digit of 170038599?
0
What is the ten thousands digit of 3195156292?
5
What is the ten millions digit of 13929469?
1
What is the millions digit of 25937082?
5
What is the ten millions digit of 55210552?
5
What is the hundred thousands digit of 30626215?
6
What is the millions digit of 2637398966?
7
What is the hundred thousands digit of 430362947?
3
What is the ten millions digit of 22668670?
2
What is the ten millions digit of 144281467?
4
What is the millions digit of 309394294?
9
What is the hundred millions digit of 174258629?
1
What is the millions digit of 80592703?
0
What is the hundred millions digit of 116373453?
1
What is the millions digit of 268931445?
8
What is the ten thousands digit of 24170891?
7
What is the units digit of 181703841?
1
What is the thousands digit of 183936266?
6
What is the ten millions digit of 682497696?
8
What is the ten thousands digit of 4106228587?
2
What is the tens digit of 1674736834?
3
What is the ten thousands digit of 37539385?
3
What is the millions digit of 368802563?
8
What is the ten millions digit of 207162556?
0
What is the units digit of 159104008?
8
What is the millions digit of 457615029?
7
What is the ten millions digit of 409348579?
0
What is the millions digit of 30298892?
0
What is the ten millions digit of 10808379?
1
What is the hundreds digit of 256635148?
1
What is the thousands digit of 41806570?
6
What is the hundred millions digit of 7380977711?
3
What is the hundred thousands digit of 387627642?
6
What is the ten millions digit of 16189516?
1
What is the tens digit of 98841031?
3
What is the ten millions digit of 697962180?
9
What is the hundred thousands digit of 20471841?
4
What is the ten millions digit of 520255650?
2
What is the tens digit of 5498441794?
9
What is the hundred thousands digit of 33010764?
0
What is the hundreds digit of 511890014?
0
What is the thousands digit of 65676236?
6
What is the units digit of 86363506?
6
What is the tens digit of 3885413?
1
What is the hundred millions digit of 301740182?
3
What is the thousands digit of 4901348824?
8
What is the hundreds digit of 1146687?
6
What is the ten millions digit of 23739838?
2
What is the hundred millions digit of 152913838?
1
What is the ten thousands digit of 4391262999?
6
What is the ten millions digit of 211757294?
1
What is the thousands digit of 1116872923?
2
What is the millions digit of 52492490?
2
What is the hundred thousands digit of 4013453641?
4
What is the tens digit of 74463495?
9
What is the hundred millions digit of 4861593383?
8
What is the thousands digit of 1638452046?
2
What is the thousands digit of 409989997?
9
What is the ten thousands digit of 2195577904?
7
What is the millions digit of 16900812?
6
What is the tens digit of 35677153?
5
What is the thousands digit of 1153103190?
3
What is the tens digit of 565842416?
1
What is the thousands digit of 173903345?
3
What is the hundred millions digit of 836349817?
8
What is the tens digit of 767180684?
8
What is the ten thousands digit of 28816480?
1
What is the ten thousands digit of 862489131?
8
What is the ten millions digit of 45554536?
4
What is the ten millions digit of 23007379?
2
What is the billions digit of 1163762286?
1
What is the ten thousands digit of 15894555?
9
What is the ten thousands digit of 11554506?
5
What is the hundred thousands digit of 1232546073?
5
What is the ten thousands digit of 51305457?
0
What is the millions digit of 524720904?
4
What is the hundreds digit of 220376402?
4
What is the millions digit of 574534782?
4
What is the ten millions digit of 970387089?
7
What is the ten millions digit of 1384363121?
8
What is the ten thousands digit of 520148610?
4
What is the hundred thousands digit of 2226380756?
3
What is the thousands digit of 686124523?
4
What is the ten millions digit of 55479630?
5
What is the units digit of 18211565?
5
What is the ten thousands digit of 521528827?
2
What is the hundreds digit of 187724345?
3
What is the ten thousands digit of 16778316?
7
What is the hundred thousands digit of 73678653?
6
What is the ten thousands digit of 47923530?
2
What is the hundreds digit of 243409789?
7
What is the tens digit of 1885580000?
0
What is the ten thousands digit of 62503377?
0
What is the millions digit of 8265468?
8
What is the tens digit of 278762326?
2
What is the millions digit of 42344581?
2
What is the hundred thousands digit of 1639663736?
6
What is the hundreds digit of 47495200?
2
What is the millions digit of 68462132?
8
What is the hundred thousands digit of 16649179?
6
What is the hundred thousands digit of 1069603322?
6
What is the hundreds digit of 555871074?
0
What is the ten thousands digit of 132776214?
7
What is the tens digit of 1794560924?
2
What is the ten millions digit of 11448993?
1
What is the ten millions digit of 38699827?
3
What is the ten millions digit of 432753730?
3
What is the tens digit of 337078868?
6
What is the ten thousands digit of 239477409?
7
What is the tens digit of 759746065?
6
What is the tens digit of 117181622?
2
What is the thousands digit of 66561294?
1
What is the ten thousands digit of 4592799379?
9
What is the hundred millions digit of 3729625769?
7
What is the billions digit of 3556556269?
3
What is the ten thousands digit of 27653297?
5
What is the thousands digit of 725611734?
1
What is the hundred millions digit of 227462524?
2
What is the tens digit of 141452433?
3
What is the thousands digit of 1562344184?
4
What is the ten millions digit of 33633830?
3
What is the ten millions digit of 1147214332?
4
What is the ten thousands digit of 563127620?
2
What is the hundred thousands digit of 475854271?
8
What is the units digit of 59416792?
2
What is the hundred millions digit of 528760841?
5
What is the millions digit of 1471668859?
1
What is the thousands digit of 86511633?
1
What is the units digit of 9774328?
8
What is the ten millions digit of 5026513573?
2
What is the hundred thousands digit of 276414320?
4
What is the millions digit of 1582333?
1
What is the hundreds digit of 156543270?
2
What is the hundred millions digit of 833172608?
8
What is the hundreds digit of 23908166?
1
What is the thousands digit of 1393488137?
8
What is the hundred thousands digit of 208683208?
6
What is the hundreds digit of 92350268?
2
What is the hundred thousands digit of 26454896?
4
What is the millions digit of 103216960?
3
What is the tens digit of 14062754?
5
What is the hundred millions digit of 138047414?
1
What is the ten thousands digit of 26768707?
6
What is the thousands digit of 52236659?
6
What is the units digit of 160442706?
6
What is the ten thousands digit of 339255708?
5
What is the thousands digit of 125413437?
3
What is the ten thousands digit of 46085172?
8
What is the tens digit of 368665595?
9
What is the tens digit of 115547180?
8
What is the tens digit of 2930998066?
6
What is the millions digit of 662358128?
2
What is the hundred thousands digit of 881657864?
6
What is the units digit of 53417853?
3
What is the millions digit of 23703981?
3
What is the hundred thousands digit of 681621010?
6
What is the hundred thousands digit of 66102305?
1
What is t